{"id":622,"date":"2021-10-29T08:45:00","date_gmt":"2021-10-29T06:45:00","guid":{"rendered":"https:\/\/alraune-hamburg.de\/?page_id=622"},"modified":"2025-05-07T20:03:54","modified_gmt":"2025-05-07T18:03:54","slug":"willkommen-bei-der-alraune-ggmbh","status":"publish","type":"page","link":"https:\/\/alraune-hamburg.de\/index.php\/willkommen-bei-der-alraune-ggmbh\/","title":{"rendered":"Home"},"content":{"rendered":"\n<h3 class=\"wp-block-heading\">Willkommen bei der Alraune gGmbH!<\/h3>\n\n\n<div  class=\"lgc-column lgc-grid-parent lgc-grid-50 lgc-tablet-grid-50 lgc-mobile-grid-100 lgc-equal-heights \"><div  class=\"inside-grid-column\"><br \/>\nSchulgastronomie<br \/>\nDie Hansestadt Hamburg setzt auf Ganztagsschulen und verspricht sich davon eine bessere Vereinbarkeit von Familie und Beruf sowie die \u00dcberwindung der engen Koppelung der sozialen Lage von Familien und den damit verbundenen Bildungschancen ihrer Kinder. Fachleute unterst\u00fctzen diese Pl\u00e4ne nachdr\u00fccklich.<br \/>\nDabei verdient nach unserer \u00dcberzeugung die Essensversorgung als ein wesentlicher Bestandteil des Ganztages besondere Beachtung. Ein gesundes, ausgewogenes und auswahlf\u00e4higes Essensangebot f\u00f6rdert erheblich die Konzentrations- und Leistungsf\u00e4higkeit der Sch\u00fclerinnen und Sch\u00fcler.<br \/>\nEine ausgewogene Ern\u00e4hrung ist eine grundlegende Voraussetzung f\u00fcr die optimale k\u00f6rperliche und geistige Leistungsf\u00e4higkeit von Kindern und Jugendlichen. Der Verpflegung in der Schule kommt daher eine bedeutende Rolle zu, besonders vor dem Hintergrund der allm\u00e4hlich in die Schulen verlagerten Ern\u00e4hrungsbildung der Kinder.\n<p><\/p><\/div><\/div>\n\n\n<div  class=\"lgc-column lgc-grid-parent lgc-grid-50 lgc-tablet-grid-50 lgc-mobile-grid-100 lgc-equal-heights \"><div  class=\"inside-grid-column\">\n<h4>Integrationsprojekt Waldd\u00f6rferstra\u00dfe<\/h4>\n<p><span style=\"font-family: 'Source Sans Pro'; text-align: justify;\">Seit dem Fr\u00fchjahr 2016 hat die Alraune gGmbH am Standort der Folgeeinrichtung Wald\u00add\u00f6r\u00adferstra\u00dfe in Hamburg Wandsbek ein Integrationsprojekt etabliert.<\/span><\/p>\n<p style=\"text-align: justify;\">Das Projekt setzt sich aus verschiedenen Angeboten zusammen, die sinnvoll ineinander grei\u00adfen und sich gegenseitig erg\u00e4nzen. MOIN (Motivieren, Orientieren, Integrieren), ist ein dreist\u00fcndiger Begleitkurs zum Integrationskurs.<br \/>\nDas Angebot reicht von der Vertiefung der Sprachkennt\u00adnisse im Alltagskontext,individuellem Coaching und Erhebung des beruflichen Profils im Hinblick auf Anschlussperspektiven \u00fcber die Hilfe im Alltag bis hin zum Bewerbungstrai\u00adning. F\u00fcr diejenigen, die keine F\u00f6rderung durch das Jobcenter bekommen, bieten wir dreimal w\u00f6chentlich einen kostenlosen Deutschkurs sowie einen Pr\u00fcfungsvorbereitungskurs an.<\/p>\n<p><\/p><\/div><\/div><div class=\"lgc-clear\"><\/div>\n\n\n<div  class=\"lgc-column lgc-grid-parent lgc-grid-50 lgc-tablet-grid-50 lgc-mobile-grid-100 lgc-equal-heights \"><div  class=\"inside-grid-column\">\n<h4>Arbeitspl\u00e4tze<\/h4>\n<p style=\"text-align: justify;\">Sie sind seit vielen Jahren auf Arbeitssuche?Alraune bietet Ihnen einen Wiedereinstieg in sozialversicherungspflichtige, befristete Besch\u00e4ftigung vor allem im Bereich Schulgastronomie, aber auch in den Steilshooper Stadtteilprojekten<\/p>\n<ul>\n<li>Tierhaus<\/li>\n<li>Das Caf\u00e9 &amp; Restaurant in Steilshoop<\/li>\n<li>Verkehrs\u00fcbungsplatz<\/li>\n<li>Fahrradstation und<\/li>\n<li>Kultur-Caf\u00e9 JETZT<\/li>\n<\/ul>\n<p>Es erfolgt eine Bezuschussung \u00fcber das Jobcenter team.arbeit.hamburg. Bei Interesse wenden Sie sich an Ihre\/n Arbeitsvermittler\/in.<\/p>\n<p><\/p><\/div><\/div>\n\n\n<div  class=\"lgc-column lgc-grid-parent lgc-grid-50 lgc-tablet-grid-50 lgc-mobile-grid-100 lgc-equal-heights \"><div  class=\"inside-grid-column\">\n<h4>Aus- und Weiterbildung<\/h4>\n<p style=\"text-align: justify;\">Wir bieten Ihnen verschiedene Fortbildungen im Bereich Garten- und Landschaftsbau:<\/p>\n<ul>\n<li>Umschulung G\u00e4rtner\/in im Garten- und Landschaftsbau (24 Monate)<\/li>\n<li>Kompetenzfeststellung und Grundqualifizierung im Garten- und Landschaftsbau (6 Monate)<\/li>\n<li>Qualifizierung und Besch\u00e4ftigung im Garten- und Landschaftsbau (12 Monate)<\/li>\n<li>Erdbaumaschinen Fachkundenachweis (40 Stunden\/1 Woche)<\/li>\n<li>Motors\u00e4ge AS Baum I. Fachkundenachweis (40 Stunden\/1 Woche)<\/li>\n<\/ul>\n<p>oder im Bereich Gastronomie:<\/p>\n<ul>\n<li>Fortbildung\/Umschulungsvorbereitung Gastronomie (12 Monate)<\/li>\n<li>Umschulung Hauswirtschaftler\/in in Teilzeit (30 Monate)<\/li>\n<\/ul>\n<p><\/p><\/div><\/div><div class=\"lgc-clear\"><\/div>\n\n\n<div  class=\"lgc-column lgc-grid-parent lgc-grid-50 lgc-tablet-grid-50 lgc-mobile-grid-100 lgc-equal-heights \"><div  class=\"inside-grid-column\">\n<h4>Ausbildungspl\u00e4tze<\/h4>\n<ul>\n<li>Sie haben einen Hauptschulabschluss oder einen mittleren Abschluss?<\/li>\n<li>Oder suchen schon l\u00e4nger nach einem Ausbildungsplatz?<\/li>\n<li>Sie haben schon eine Ausbildung abgebrochen?<\/li>\n<li>Sie haben keinen Ausbildungsplatz bekommen?<\/li>\n<\/ul>\n<p>Wir haben verschiedene Berufsfelder, in denen Sie sich ein Bild von verschiedenen Berufen machen k\u00f6nnen.<br \/>\n<\/p><\/div><\/div>\n\n\n<div  class=\"lgc-column lgc-grid-parent lgc-grid-50 lgc-tablet-grid-50 lgc-mobile-grid-100 lgc-equal-heights \"><div  class=\"inside-grid-column\">\n<h4>Bundesfreiwilligendienst bei Alraune<\/h4>\n<p>Die Alraune gGmbH bietet Freiwilligenstellen im Integrationsprojekt f\u00fcr Gefl\u00fcchtete MOIN (Motivieren, Orientieren, Integrieren) und in den beiden Produktionsschulen in Eimsb\u00fcttel und Steilhoop an.<br \/>\n<\/p><\/div><\/div><div class=\"lgc-clear\"><\/div>\n","protected":false},"excerpt":{"rendered":"<p>Willkommen bei der Alraune gGmbH!<\/p>\n<p> <a class=\"continue-reading-link\" href=\"https:\/\/alraune-hamburg.de\/index.php\/willkommen-bei-der-alraune-ggmbh\/\"><span>Continue reading<\/span><i class=\"crycon-right-dir\"><\/i><\/a> <\/p>\n","protected":false},"author":1,"featured_media":0,"parent":0,"menu_order":0,"comment_status":"closed","ping_status":"closed","template":"","meta":{"footnotes":""},"class_list":["post-622","page","type-page","status-publish","hentry"],"_links":{"self":[{"href":"https:\/\/alraune-hamburg.de\/index.php\/wp-json\/wp\/v2\/pages\/622","targetHints":{"allow":["GET"]}}],"collection":[{"href":"https:\/\/alraune-hamburg.de\/index.php\/wp-json\/wp\/v2\/pages"}],"about":[{"href":"https:\/\/alraune-hamburg.de\/index.php\/wp-json\/wp\/v2\/types\/page"}],"author":[{"embeddable":true,"href":"https:\/\/alraune-hamburg.de\/index.php\/wp-json\/wp\/v2\/users\/1"}],"replies":[{"embeddable":true,"href":"https:\/\/alraune-hamburg.de\/index.php\/wp-json\/wp\/v2\/comments?post=622"}],"version-history":[{"count":30,"href":"https:\/\/alraune-hamburg.de\/index.php\/wp-json\/wp\/v2\/pages\/622\/revisions"}],"predecessor-version":[{"id":3079,"href":"https:\/\/alraune-hamburg.de\/index.php\/wp-json\/wp\/v2\/pages\/622\/revisions\/3079"}],"wp:attachment":[{"href":"https:\/\/alraune-hamburg.de\/index.php\/wp-json\/wp\/v2\/media?parent=622"}],"curies":[{"name":"wp","href":"https:\/\/api.w.org\/{rel}","templated":true}]}}