{"id":193,"date":"2018-05-31T12:38:40","date_gmt":"2018-05-31T10:38:40","guid":{"rendered":"https:\/\/alraune.bnb-infosec.com\/?page_id=193"},"modified":"2023-03-29T16:38:12","modified_gmt":"2023-03-29T14:38:12","slug":"kulturtreff-jetzt","status":"publish","type":"page","link":"https:\/\/alraune-hamburg.de\/index.php\/projekte\/kulturtreff-jetzt\/","title":{"rendered":"Kulturtreff JETZT"},"content":{"rendered":"<h1><span style=\"font-size: 14pt;\">JETZT &#8211; Ihr Kulturtreff in Steilshoop<\/span><\/h1>\n<p style=\"text-align: justify;\"><img loading=\"lazy\" decoding=\"async\" class=\"alignleft wp-image-194 size-full\" src=\"https:\/\/alraune-hamburg.de\/wp-content\/uploads\/2018\/05\/logo-jetzt.gif\" alt=\"\" width=\"210\" height=\"100\" \/>Mit dem riesigen Freigel\u00e4nde und dem Verkehrs\u00fcbungsplatz um das JETZT herum, bieten sich f\u00fcr Kinder ganztags ausgedehnte Spielm\u00f6glichkeiten. Dort k\u00f6nnen sich unsere kleinen G\u00e4ste austoben w\u00e4hrend die \u00c4lteren einen Kaffee genie\u00dfen.<\/p>\n<p>Das JETZT eignet sich hervorragend f\u00fcr Kindergeburtstage, Familienfeiern, Partys, kulturelle Treffs und andere Aktivit\u00e4ten.<\/p>\n<p><strong>JETZT &#8211; mit t\u00e4glich wechselndem Mittagstisch!<\/strong><\/p>\n<p><span style=\"font-size: 12pt;\">\u00a0<\/span><\/p>\n<p><img loading=\"lazy\" decoding=\"async\" class=\"wp-image-210 size-full alignnone\" src=\"https:\/\/alraune-hamburg.de\/wp-content\/uploads\/2018\/05\/jetzt_aussen.jpg\" alt=\"\" width=\"1280\" height=\"960\" srcset=\"https:\/\/alraune-hamburg.de\/wp-content\/uploads\/2018\/05\/jetzt_aussen.jpg 1280w, https:\/\/alraune-hamburg.de\/wp-content\/uploads\/2018\/05\/jetzt_aussen-300x225.jpg 300w, https:\/\/alraune-hamburg.de\/wp-content\/uploads\/2018\/05\/jetzt_aussen-768x576.jpg 768w, https:\/\/alraune-hamburg.de\/wp-content\/uploads\/2018\/05\/jetzt_aussen-1024x768.jpg 1024w, https:\/\/alraune-hamburg.de\/wp-content\/uploads\/2018\/05\/jetzt_aussen-150x113.jpg 150w\" sizes=\"auto, (max-width: 1280px) 100vw, 1280px\" \/><\/p>\n<p>Sie m\u00f6chten unsere R\u00e4umlichkeiten f\u00fcr Ihre eigene Feier mieten? <strong>Rufen Sie uns an!<\/strong><\/p>\n<p style=\"text-align: justify;\"><strong><span style=\"font-size: 12pt;\">Veranstaltungen im JETZT<br \/>\n<\/span><\/strong>Das JETZT f\u00fchrt regelm\u00e4\u00dfig kulturelle Veranstaltungen durch &#8211; von uns vorbereitet und moderiert. Eine \u00dcbersicht \u00fcber unsere Abendveranstaltungen k\u00f6nnen Sie per Mail anfordern oder Sie holen sich ein Programm direkt im JETZT.<\/p>\n<table style=\"border-collapse: collapse; width: 100%;\" border=\"1\">\n<tbody>\n<tr>\n<td style=\"width: 50%;\">\n<h1><span style=\"font-size: 12pt;\">Kontakt<\/span><\/h1>\n<p>Alraune gGmbH<br \/>\nKulturtreff JETZT<\/p>\n<p>Gr\u00fcndgensstra\u00dfe 22<br \/>\n22309 Hamburg<br \/>\n<strong>Tel:<\/strong> 040 \/ 631 49 89<br \/>\n<strong>Fax:<\/strong> 040 \/ 357 058 61<br \/>\n<strong>E-Mail:<\/strong> <a title=\"Mail an das JETZT schicken\" href=\"mailto:jetzt@alraune-hamburg.de\">jetzt@alraune-hamburg.de<\/a><\/td>\n<td style=\"width: 50%;\">\n<h1><span style=\"font-size: 12pt;\">Ansprechpartner*in<\/span><\/h1>\n<p>Oliver Kunz &#8211; Eventmanager &amp; Koordinator<\/p>\n<p><strong>E-Mail: <\/strong><span style=\"color: #3366ff;\"><a title=\"Mail an das JETZT schicken\" href=\"mailto:jetzt@alraune-hamburg.de\">o.kunz@alraune-hamburg.de<\/a><\/span><\/p>\n<p><strong>Tel.:<\/strong> 0151-615 80 004<\/p>\n<p>Britta Schnell<\/p>\n<p><strong>Tel:\u00a0 <\/strong>040 \/ 631 49 89<br \/>\n<strong>Fax:<\/strong> 040 \/ 357 058 61<br \/>\n<strong>E-Mail:<\/strong> <a href=\"mailto:m.kersting@alraune-hamburg.de\">b.link@alraune-hamburg.de<\/a><\/p>\n<h3><\/h3>\n<\/td>\n<\/tr>\n<\/tbody>\n<\/table>\n<h1><span style=\"font-size: 14pt;\">\u00a0<\/span><\/h1>\n<h3><\/h3>\n","protected":false},"excerpt":{"rendered":"<p>JETZT &#8211; Ihr Kulturtreff in Steilshoop Mit dem riesigen Freigel\u00e4nde und dem Verkehrs\u00fcbungsplatz um das JETZT herum, bieten sich f\u00fcr Kinder ganztags ausgedehnte Spielm\u00f6glichkeiten. Dort k\u00f6nnen sich unsere kleinen G\u00e4ste austoben w\u00e4hrend die \u00c4lteren einen Kaffee genie\u00dfen. Das JETZT eignet sich hervorragend f\u00fcr Kindergeburtstage, Familienfeiern, Partys, kulturelle Treffs und andere\u2026<\/p>\n<p> <a class=\"continue-reading-link\" href=\"https:\/\/alraune-hamburg.de\/index.php\/projekte\/kulturtreff-jetzt\/\"><span>Continue reading<\/span><i class=\"crycon-right-dir\"><\/i><\/a> <\/p>\n","protected":false},"author":1,"featured_media":0,"parent":70,"menu_order":0,"comment_status":"closed","ping_status":"closed","template":"","meta":{"footnotes":""},"class_list":["post-193","page","type-page","status-publish","hentry"],"_links":{"self":[{"href":"https:\/\/alraune-hamburg.de\/index.php\/wp-json\/wp\/v2\/pages\/193","targetHints":{"allow":["GET"]}}],"collection":[{"href":"https:\/\/alraune-hamburg.de\/index.php\/wp-json\/wp\/v2\/pages"}],"about":[{"href":"https:\/\/alraune-hamburg.de\/index.php\/wp-json\/wp\/v2\/types\/page"}],"author":[{"embeddable":true,"href":"https:\/\/alraune-hamburg.de\/index.php\/wp-json\/wp\/v2\/users\/1"}],"replies":[{"embeddable":true,"href":"https:\/\/alraune-hamburg.de\/index.php\/wp-json\/wp\/v2\/comments?post=193"}],"version-history":[{"count":10,"href":"https:\/\/alraune-hamburg.de\/index.php\/wp-json\/wp\/v2\/pages\/193\/revisions"}],"predecessor-version":[{"id":557,"href":"https:\/\/alraune-hamburg.de\/index.php\/wp-json\/wp\/v2\/pages\/193\/revisions\/557"}],"up":[{"embeddable":true,"href":"https:\/\/alraune-hamburg.de\/index.php\/wp-json\/wp\/v2\/pages\/70"}],"wp:attachment":[{"href":"https:\/\/alraune-hamburg.de\/index.php\/wp-json\/wp\/v2\/media?parent=193"}],"curies":[{"name":"wp","href":"https:\/\/api.w.org\/{rel}","templated":true}]}}