{"id":1846,"date":"2022-09-13T15:41:38","date_gmt":"2022-09-13T13:41:38","guid":{"rendered":"https:\/\/alraune-hamburg.de\/?page_id=1846"},"modified":"2022-09-13T15:41:38","modified_gmt":"2022-09-13T13:41:38","slug":"internationale-kindertagesstaette-kesslersweg","status":"publish","type":"page","link":"https:\/\/alraune-hamburg.de\/index.php\/internationale-kindertagesstaette-kesslersweg\/","title":{"rendered":"Internationale Kindertagesst\u00e4tte Ke\u00dflersweg"},"content":{"rendered":"\n<p>Waldd\u00f6rferstra\u00dfe 91\u00a0 &#8211;\u00a0\u00a022041 Hamburg<strong><br \/>Leitung: <\/strong><\/p>\n<p>Claudia Roeper<br \/><a href=\"mailto:c.roeper@alraune-hamburg.de\">c.roeper@alraune-hamburg.de<\/a><\/p>\n<p>Monika Maria Krohns<br \/><a href=\"mailto:tschai@alraune-hamburg.de\">m.krohns@alraune-hamburg.de<\/a><\/p>\n<p>040 . \u00a052 10 39 22<\/p>\n<p>Die Kita Ke\u00dflersweg ist international, weil bei uns Kinder und p\u00e4dagogische Fachkr\u00e4fte aus aller Welt zusammenkommen. Gelebte Inter\u00adkultur\u00adalit\u00e4t ist unser Alltag. Sowohl die Kita-Leitung als auch die \u00adGruppen werden von Zweierteams geleitet, die eng \u00adzusammenarbeiten. Bei uns sind Kinder und Teammitglieder mit \u00adbesonderem F\u00f6rderbedarf willkommen. Durch unser heilp\u00e4dagogisches Konzept geh\u00f6ren sie einfach dazu! Wir f\u00f6rdern insbesondere die sprachliche und die psycho-motorische Entwicklung der Kinder durch den Einsatz musisch-kreativer Methoden und das Entdecken unserer Umwelt mit allen Sinnen.<\/p>\n","protected":false},"excerpt":{"rendered":"<p>Waldd\u00f6rferstra\u00dfe 91\u00a0 &#8211;\u00a0\u00a022041 HamburgLeitung: Claudia Roeperc.roeper@alraune-hamburg.de Monika Maria Krohnsm.krohns@alraune-hamburg.de 040 . \u00a052 10 39 22 Die Kita Ke\u00dflersweg ist international, weil bei uns Kinder und p\u00e4dagogische Fachkr\u00e4fte aus aller Welt zusammenkommen. Gelebte Inter\u00adkultur\u00adalit\u00e4t ist unser Alltag. Sowohl die Kita-Leitung als auch die \u00adGruppen werden von Zweierteams geleitet, die eng \u00adzusammenarbeiten.\u2026<\/p>\n<p> <a class=\"continue-reading-link\" href=\"https:\/\/alraune-hamburg.de\/index.php\/internationale-kindertagesstaette-kesslersweg\/\"><span>Continue reading<\/span><i class=\"crycon-right-dir\"><\/i><\/a> <\/p>\n","protected":false},"author":1,"featured_media":0,"parent":0,"menu_order":0,"comment_status":"closed","ping_status":"closed","template":"","meta":{"footnotes":""},"class_list":["post-1846","page","type-page","status-publish","hentry"],"_links":{"self":[{"href":"https:\/\/alraune-hamburg.de\/index.php\/wp-json\/wp\/v2\/pages\/1846","targetHints":{"allow":["GET"]}}],"collection":[{"href":"https:\/\/alraune-hamburg.de\/index.php\/wp-json\/wp\/v2\/pages"}],"about":[{"href":"https:\/\/alraune-hamburg.de\/index.php\/wp-json\/wp\/v2\/types\/page"}],"author":[{"embeddable":true,"href":"https:\/\/alraune-hamburg.de\/index.php\/wp-json\/wp\/v2\/users\/1"}],"replies":[{"embeddable":true,"href":"https:\/\/alraune-hamburg.de\/index.php\/wp-json\/wp\/v2\/comments?post=1846"}],"version-history":[{"count":0,"href":"https:\/\/alraune-hamburg.de\/index.php\/wp-json\/wp\/v2\/pages\/1846\/revisions"}],"wp:attachment":[{"href":"https:\/\/alraune-hamburg.de\/index.php\/wp-json\/wp\/v2\/media?parent=1846"}],"curies":[{"name":"wp","href":"https:\/\/api.w.org\/{rel}","templated":true}]}}