{"id":1644,"date":"2020-08-04T08:15:58","date_gmt":"2020-08-04T06:15:58","guid":{"rendered":"https:\/\/alraune-hamburg.de\/?page_id=1644"},"modified":"2025-07-17T13:41:55","modified_gmt":"2025-07-17T11:41:55","slug":"produktionsschule-steilshoop","status":"publish","type":"page","link":"https:\/\/alraune-hamburg.de\/index.php\/produktionsschule-steilshoop\/","title":{"rendered":"Produktionsschule im Quartier Steilshoop"},"content":{"rendered":"<div class=\"wp-block-image\">\n<figure class=\"alignleft\"><img loading=\"lazy\" decoding=\"async\" width=\"1003\" height=\"135\" src=\"https:\/\/alraune-hamburg.de\/wp-content\/uploads\/2018\/05\/headbild-produktion.jpg\" alt=\"\" class=\"wp-image-248\" srcset=\"https:\/\/alraune-hamburg.de\/wp-content\/uploads\/2018\/05\/headbild-produktion.jpg 1003w, https:\/\/alraune-hamburg.de\/wp-content\/uploads\/2018\/05\/headbild-produktion-300x40.jpg 300w, https:\/\/alraune-hamburg.de\/wp-content\/uploads\/2018\/05\/headbild-produktion-768x103.jpg 768w, https:\/\/alraune-hamburg.de\/wp-content\/uploads\/2018\/05\/headbild-produktion-150x20.jpg 150w\" sizes=\"auto, (max-width: 1003px) 100vw, 1003px\" \/><\/figure>\n<\/div>\n\n\n<p>Produktionsschulen wenden sich an schulpflichtige Jugendliche und verbinden Lernen und Arbeiten.<\/p>\n\n\n\n<p>Am Lernort Betrieb und im allgemeinbildenden und fachbezogenen Unterricht werden \u2013 vermittelt \u00fcber Produktion bzw. Dienstleistungen f\u00fcr den realen Markt \u2013 fachliche, soziale und personale Kompetenzen ausgebildet.<br>In Verbindung mit und unter Bezugnahme auf die praktische Arbeit werden die Jugendlichen auf der Grundlage individueller Bildungs- und F\u00f6rderpl\u00e4ne in sinnstiftenden Kontexten zugleich auf die Externenpr\u00fcfung zum Erwerb des ersten allgemeinbildenden Schulabschlusses vorbereitet.<br>Die Produktionsschule im Quartier Steilshoop bietet Jugendlichen die Chance der Vorbereitung auf eine tragf\u00e4hige Berufswahlentscheidung.<\/p>\n\n\n\n<p><video poster=\"https:\/\/alraune-hamburg.de\/wp-content\/uploads\/2025\/05\/Frame-PSQ-Steilshoop.jpg\" controls=\"controls\" width=\"384\" height=\"216\">\n<source src=\"https:\/\/alraune-hamburg.de\/wp-content\/uploads\/2025\/05\/Alraune_PSQ_final.mp4\" type=\"video\/mp4\" \/><\/video><\/p>\n\n\n\n<p><\/p>\n\n\n<div  class=\"lgc-column lgc-grid-parent lgc-grid-50 lgc-tablet-grid-50 lgc-mobile-grid-100 lgc-equal-heights \"><div  class=\"inside-grid-column\">\n<p><strong>Es gibt Pl\u00e4tze in den Bereichen<\/strong><\/p>\n<ul>\n<li>K\u00fcche &amp; Service<\/li>\n<li>Konditorei &amp; B\u00e4ckerei<\/li>\n<li>Maler &amp; Lackierer<\/li>\n<li>Bioladen<\/li>\n<li>Grafikwerkstatt<\/li>\n<li>Tischlerei<\/li>\n<\/ul>\n<p><\/p><\/div><\/div>\n\n\n<div  class=\"lgc-column lgc-grid-parent lgc-grid-50 lgc-tablet-grid-50 lgc-mobile-grid-100 lgc-equal-heights \"><div  class=\"inside-grid-column\">\n<p>Alle Betriebsst\u00e4tten befinden sich Mitten im Steilshooper Quartier (EKZ-Steilshoop). Bevor Sch\u00fcler\/innen aufgenommen werden, machen sie ein kleines Praktikum in dem gew\u00fcnschten Bereich.<\/p>\n<p>Du bekommst eine monatliche individuelle Leistungspr\u00e4mie.<\/p>\n<p>Es ist ein laufender Einstieg m\u00f6glich!<\/p>\n<p><a href=\"https:\/\/alraune-hamburg.de\/index.php\/produktionsschulen\/bewerbungsformular-psq\/\">Hier gehts zum Bewerbungsformular<\/a><\/p>\n<p><\/p><\/div><\/div><div class=\"lgc-clear\"><\/div>\n\n\n<div  class=\"lgc-column lgc-grid-parent lgc-grid-50 lgc-tablet-grid-50 lgc-mobile-grid-100 lgc-equal-heights \"><div  class=\"inside-grid-column\">\n<h4>Kontakt<\/h4>\n<p>Alraune gGmbH<br \/>\nProduktionsschule im Quartier Steilshoop (PSQ)<br \/>\nFritz-Flinte-Ring 41a<\/p>\n<p>22309 Hamburg<\/p>\n<p><\/p><\/div><\/div>\n\n\n<div  class=\"lgc-column lgc-grid-parent lgc-grid-50 lgc-tablet-grid-50 lgc-mobile-grid-100 lgc-equal-heights \"><div  class=\"inside-grid-column\">\n<h4>Ansprechpartner<\/h4>\n<p>Max-Luca Albrecht<br \/>\n<strong>Mobil:<\/strong> 0175 \/ 791 61 14<br \/>\n<strong>Tel:<\/strong> 040 \/ 633 141 28<\/p>\n<p><strong>E-Mail:<\/strong> <a href=\"mailto:psq@alraune-hamburg.de\">psq@alraune-hamburg.de<\/a><\/p>\n<p><\/p><\/div><\/div>\n\n\n\n<h1 class=\"wp-block-heading\">&nbsp;<\/h1>\n","protected":false},"excerpt":{"rendered":"<p>Produktionsschulen wenden sich an schulpflichtige Jugendliche und verbinden Lernen und Arbeiten. Am Lernort Betrieb und im allgemeinbildenden und fachbezogenen Unterricht werden \u2013 vermittelt \u00fcber Produktion bzw. Dienstleistungen f\u00fcr den realen Markt \u2013 fachliche, soziale und personale Kompetenzen ausgebildet.In Verbindung mit und unter Bezugnahme auf die praktische Arbeit werden die Jugendlichen\u2026<\/p>\n<p> <a class=\"continue-reading-link\" href=\"https:\/\/alraune-hamburg.de\/index.php\/produktionsschule-steilshoop\/\"><span>Continue reading<\/span><i class=\"crycon-right-dir\"><\/i><\/a> <\/p>\n","protected":false},"author":1,"featured_media":0,"parent":0,"menu_order":0,"comment_status":"closed","ping_status":"closed","template":"","meta":{"footnotes":""},"class_list":["post-1644","page","type-page","status-publish","hentry"],"_links":{"self":[{"href":"https:\/\/alraune-hamburg.de\/index.php\/wp-json\/wp\/v2\/pages\/1644","targetHints":{"allow":["GET"]}}],"collection":[{"href":"https:\/\/alraune-hamburg.de\/index.php\/wp-json\/wp\/v2\/pages"}],"about":[{"href":"https:\/\/alraune-hamburg.de\/index.php\/wp-json\/wp\/v2\/types\/page"}],"author":[{"embeddable":true,"href":"https:\/\/alraune-hamburg.de\/index.php\/wp-json\/wp\/v2\/users\/1"}],"replies":[{"embeddable":true,"href":"https:\/\/alraune-hamburg.de\/index.php\/wp-json\/wp\/v2\/comments?post=1644"}],"version-history":[{"count":9,"href":"https:\/\/alraune-hamburg.de\/index.php\/wp-json\/wp\/v2\/pages\/1644\/revisions"}],"predecessor-version":[{"id":3201,"href":"https:\/\/alraune-hamburg.de\/index.php\/wp-json\/wp\/v2\/pages\/1644\/revisions\/3201"}],"wp:attachment":[{"href":"https:\/\/alraune-hamburg.de\/index.php\/wp-json\/wp\/v2\/media?parent=1644"}],"curies":[{"name":"wp","href":"https:\/\/api.w.org\/{rel}","templated":true}]}}